est common factor of 2311583384 and 44?
44
What is the highest common divisor of 2016708 and 3690?
246
Calculate the greatest common factor of 161309695 and 115.
115
What is the highest common factor of 622704288 and 1088?
544
Calculate the greatest common factor of 106119 and 186.
3
What is the highest common divisor of 6 and 28978266?
6
Calculate the greatest common factor of 2680515 and 315.
45
What is the highest common factor of 1099733 and 906?
151
What is the highest common divisor of 17780 and 164500?
140
Calculate the highest common divisor of 234 and 65442.
78
Calculate the highest common divisor of 1 and 31508156.
1
Calculate the greatest common factor of 875 and 237470275.
175
What is the highest common factor of 1043458 and 52260?
1742
Calculate the highest common factor of 1216 and 484599104.
1216
What is the highest common factor of 122119637 and 2094?
349
Calculate the greatest common divisor of 46 and 2177594.
46
What is the greatest common factor of 169687573 and 33?
11
Calculate the highest common divisor of 121548 and 9816.
12
Calculate the greatest common factor of 2920 and 19645030.
730
Calculate the highest common factor of 23953669 and 31.
31
Calculate the highest common divisor of 299 and 7471711.
299
Calculate the greatest common factor of 696 and 25478472.
696
What is the highest common divisor of 29362 and 239882?
554
Calculate the highest common divisor of 207124804 and 204.
68
Calculate the greatest common divisor of 2148 and 1963212.
12
What is the highest common factor of 101842 and 6526?
26
Calculate the greatest common divisor of 9953 and 699929.
37
What is the highest common factor of 90 and 33768810?
90
Calculate the greatest common factor of 1290 and 517443510.
1290
What is the greatest common divisor of 92 and 1797381?
23
Calculate the greatest common divisor of 37248156 and 340.
68
What is the highest common divisor of 7648 and 1409872?
16
What is the highest common factor of 408948 and 768?
12
Calculate the greatest common factor of 3553956 and 16.
4
Calculate the highest common factor of 9880 and 268999055.
1235
What is the greatest common factor of 1966 and 141106?
2
Calculate the greatest common divisor of 125036 and 3500.
4
What is the greatest common factor of 15424890 and 405?
15
Calculate the highest common divisor of 96548325 and 633.
633
What is the highest common divisor of 148674958 and 5048?
1262
What is the highest common factor of 19885 and 38460985?
485
What is the greatest common divisor of 115373 and 2042?
1021
Calculate the greatest common factor of 318 and 1957089978.
318
Calculate the highest common factor of 4 and 213722424.
4
Calculate the highest common divisor of 9432 and 9245592.
72
Calculate the highest common divisor of 234125733 and 1767.
1767
Calculate the greatest common divisor of 70518 and 11233824.
3066
What is the greatest common divisor of 114777 and 211133?
1417
Calculate the highest common divisor of 675 and 199625.
25
Calculate the greatest common divisor of 23780524 and 6252.
2084
Calculate the highest common divisor of 7954 and 94792.
82
Calculate the highest common divisor of 13634 and 972024.
802
Calculate the highest common factor of 42016 and 15456480.
416
What is the greatest common divisor of 392 and 1131557?
49
What is the highest common factor of 304493692 and 371?
53
Calculate the highest common divisor of 221 and 376414.
17
Calculate the greatest common divisor of 1039428 and 135.
9
What is the highest common divisor of 221649435 and 693?
63
Calculate the greatest common factor of 6 and 13264582.
2
What is the greatest common divisor of 37807 and 998203?
491
What is the highest common factor of 210881 and 377872?
209
What is the highest common factor of 8108400 and 3045?
435
Calculate the highest common divisor of 2592594 and 4698.
54
Calculate the highest common divisor of 141858 and 299781.
27
What is the greatest common factor of 5704 and 30337?
23
What is the highest common divisor of 11822 and 85581?
257
What is the highest common divisor of 11 and 17581003?
11
What is the greatest common divisor of 1240 and 31191890?
310
What is the highest common divisor of 19624 and 838926?
4906
What is the greatest common divisor of 39 and 31230381?
39
Calculate the highest common factor of 6611 and 5964079.
11
What is the greatest common divisor of 7402731 and 9408?
21
Calculate the highest common divisor of 216896270 and 30.
10
Calculate the greatest common divisor of 634062 and 30756.
66
Calculate the highest common divisor of 10 and 1185195710.
10
What is the greatest common divisor of 178031725 and 116?
29
Calculate the highest common factor of 52245738 and 288.
18
What is the highest common divisor of 9495763 and 360449?
5909
Calculate the highest common factor of 3919129 and 9168.
191
What is the highest common factor of 3552879 and 6493?
151
What is the highest common divisor of 992980 and 3275?
655
Calculate the greatest common divisor of 1105818 and 30989.
1631
What is the highest common divisor of 4042242 and 18?
18
Calculate the highest common factor of 4444 and 6674228.
44
What is the greatest common divisor of 44778 and 6524418?
2634
Calculate the highest common factor of 912 and 190514672.
304
What is the highest common factor of 236000 and 45250?
250
What is the highest common factor of 1394624 and 8742272?
4928
Calculate the highest common divisor of 100500 and 7968.
12
What is the greatest common factor of 4108 and 393588?
52
Calculate the highest common factor of 9979326 and 126.
126
Calculate the greatest common divisor of 61059565 and 105.
35
What is the highest common divisor of 341 and 49318489?
341
What is the greatest common divisor of 1414028 and 602?
14
Calculate the greatest common factor of 46385436 and 21300.
852
What is the greatest common factor of 375 and 106995975?
75
What is the greatest common factor of 2563856 and 5520?
368
What is the greatest common divisor of 265706 and 2492?
14
What is the highest common divisor of 41293 and 1393?
7
What is the greatest common divisor of 129888 and 41844?
132
What is the greatest common divisor of 740 and 5382871?
37
What is the greatest common divisor of 8628 and 48520?
4
What is the highest common factor of 10164 and 38904?
12
Calculate the greatest common divisor of 3572 and 10636852.
188
Calculate the greatest common divisor of 7130726 and 106.
106
What is the highest common divisor of 4600377 and 96?
3
Calculate the greatest common divisor of 54 and 3611094.
6
Calculate the highest common factor of 2808523 and 201400.
1007
What is the highest common divisor of 27063786 and 174?
174
What is the greatest common divisor of 1472656 and 1784?
8
What is the highest common factor of 79294 and 82?
82
Calculate the greatest common divisor of 9809255 and 185.
185
Calculate the highest common divisor of 16380 and 292396.
52
Calculate the greatest common factor of 244 and 3436580.
4
Calculate the greatest common factor of 2635740 and 480.
60
Calculate the highest common factor of 317304 and 236574.
702
Calculate the greatest common divisor of 373504633 and 295.
59
What is the greatest common divisor of 12576 and 2434766?
262
Calculate the greatest common divisor of 30442467 and 132.
33
Calculate the greatest common factor of 131205283 and 11.
11
What is the greatest common factor of 6568 and 7418556?
3284
What is the greatest common divisor of 2162026 and 408?
34
Calculate the greatest common divisor of 99880134 and 174.
6
Calculate the greatest common factor of 96132264 and 48.
24
What is the highest common divisor of 1945 and 3070505?
5
What is the highest common divisor of 113085620 and 320?
20
What is the greatest common divisor of 6276139 and 4?
1
What is the highest common factor of 9655536 and 7392?
528
What is the highest common divisor of 2890610 and 5530?
790
Calculate the highest common divisor of 38370 and 94728.
6
What is the greatest common divisor of 33 and 4976103?
33
Calculate the highest common divisor of 405 and 3279075.
15
What is the highest common divisor of 14668 and 318450?
386
What is the greatest common divisor of 38 and 2604778?
2
Calculate the greatest common factor of 12343233 and 84.
21
Calculate the highest common divisor of 750 and 105286750.
250
What is the h